{"id":250250,"date":"2025-06-27T13:52:35","date_gmt":"2025-06-27T11:52:35","guid":{"rendered":"https:\/\/iot.ttc.cz\/?page_id=250250"},"modified":"2025-06-27T13:52:44","modified_gmt":"2025-06-27T11:52:44","slug":"gdpr","status":"publish","type":"page","link":"https:\/\/iot.ttc.cz\/gdpr\/","title":{"rendered":"Ochrana osobn\u00edch \u00fadaj\u016f"},"content":{"rendered":"<div class=\"et_d4_element et_pb_section et_pb_section_0  et_pb_css_mix_blend_mode et_section_regular et_block_section\" >\n\t\t\t\t\n\t\t\t\t\n\t\t\t\t\n\t\t\t\t\n\t\t\t\t\n\t\t\t\t\n\t\t\t\t<div class=\"et_d4_element et_pb_row et_pb_row_0  et_pb_css_mix_blend_mode et_block_row\">\n\t\t\t\t<div class=\"et_d4_element et_pb_column_4_4 et_pb_column et_pb_column_0  et_pb_css_mix_blend_mode et-last-child et_block_column\">\n\t\t\t\t\n\t\t\t\t\n\t\t\t\t\n\t\t\t\t\n\t\t\t\t<div class=\"et_pb_module et_d4_element et_pb_text et_pb_text_0  et_pb_text_align_left et_pb_bg_layout_light\">\n\t\t\t\t\n\t\t\t\t\n\t\t\t\t\n\t\t\t\t\n\t\t\t\t<div class=\"et_pb_text_inner\"><h1 style=\"text-align: center\">Ochrana osobn\u00edch \u00fadaj\u016f<\/h1><\/div>\n\t\t\t<\/div><div class=\"et_pb_module et_d4_element et_pb_text et_pb_text_1  et_pb_text_align_left et_pb_bg_layout_light\">\n\t\t\t\t\n\t\t\t\t\n\t\t\t\t\n\t\t\t\t\n\t\t\t\t<div class=\"et_pb_text_inner\"><h2><strong>Kdo \u00fadaje sb\u00edr\u00e1?<\/strong><\/h2>\n<p><span>TTC HOLDING, a.s., I\u010c 278\u00a087\u00a0464, se s\u00eddlem Praha 10 \u2013 Stra\u0161nice, T\u0159ebohostick\u00e1 987\/5, PS\u010c 100\u00a000, zapsan\u00e1 v\u00a0obchodn\u00edm rejst\u0159\u00edku veden\u00e9m u M\u011bstsk\u00e9ho soudu v\u00a0Praze, odd\u00edl B, vlo\u017eka 11785 Kontaktn\u00ed e-mail:\u00a0<\/span><a href=\"mailto:gdpr@ttc.cz\">gdpr@ttc.cz<\/a><\/p><\/div>\n\t\t\t<\/div><div class=\"et_pb_module et_d4_element et_pb_text et_pb_text_2  et_pb_text_align_left et_pb_bg_layout_light\">\n\t\t\t\t\n\t\t\t\t\n\t\t\t\t\n\t\t\t\t\n\t\t\t\t<div class=\"et_pb_text_inner\"><h2><strong>Jak\u00e9 \u00fadaje sb\u00edr\u00e1me?<\/strong><\/h2>\n<p><span>Sb\u00edr\u00e1me va\u0161e jm\u00e9no a p\u0159\u00edjmen\u00ed a e-mailovou adresu. V\u00a0p\u0159\u00edpad\u011b uzav\u0159en\u00ed smlouvy sb\u00edr\u00e1me d\u00e1le n\u00e1zev firmy, I\u010cO, DI\u010c a faktura\u010dn\u00ed adresu.<\/span><\/p><\/div>\n\t\t\t<\/div><div class=\"et_pb_module et_d4_element et_pb_text et_pb_text_3  et_pb_text_align_left et_pb_bg_layout_light\">\n\t\t\t\t\n\t\t\t\t\n\t\t\t\t\n\t\t\t\t\n\t\t\t\t<div class=\"et_pb_text_inner\"><h2><strong>Pro\u010d \u00fadaje sb\u00edr\u00e1me?<\/strong><\/h2>\n<p><span>\u00dadaje sb\u00edr\u00e1me, abychom mohli zodpov\u011bd\u011bt va\u0161e dotazy. Je-li p\u0159edm\u011btem dotazu popt\u00e1vka zbo\u017e\u00ed \u010di slu\u017eeb, jsou \u00fadaje sb\u00edr\u00e1ny a uchov\u00e1v\u00e1ny d\u00e1le proto, abychom v\u00e1m mohli zaslat vy\u017e\u00e1danou nab\u00eddku a n\u00e1sledn\u011b uzav\u0159\u00edt a plnit smlouvu stejn\u011b jako z\u00e1konn\u00e9 povinnosti s\u00a0t\u00edm souvisej\u00edc\u00ed.<\/span><\/p><\/div>\n\t\t\t<\/div><div class=\"et_pb_module et_d4_element et_pb_text et_pb_text_4  et_pb_text_align_left et_pb_bg_layout_light\">\n\t\t\t\t\n\t\t\t\t\n\t\t\t\t\n\t\t\t\t\n\t\t\t\t<div class=\"et_pb_text_inner\"><h2><strong>Jak dlouho m\u00e1me \u00fadaje ulo\u017een\u00e9?<\/strong><\/h2>\n<p><span>Po odesl\u00e1n\u00ed odpov\u011bdi na v\u00e1\u0161 dotaz jsou \u00fadaje vymaz\u00e1ny, nen\u00ed-li pot\u0159eba jejich uchov\u00e1n\u00ed pro budouc\u00ed pln\u011bn\u00ed smlouvy.<\/span><\/p><\/div>\n\t\t\t<\/div><div class=\"et_pb_module et_d4_element et_pb_text et_pb_text_5  et_pb_text_align_left et_pb_bg_layout_light\">\n\t\t\t\t\n\t\t\t\t\n\t\t\t\t\n\t\t\t\t\n\t\t\t\t<div class=\"et_pb_text_inner\"><h2><strong>Va\u0161e pr\u00e1va?<\/strong><\/h2>\n<p>M\u00e1te pr\u00e1vo dot\u00e1zat se, jak\u00e9 \u00fadaje zpracov\u00e1v\u00e1me, za jak\u00fdm \u00fa\u010delem, v\u00a0jak\u00e9m rozsahu, jak dlouho a kdo k\u00a0nim m\u00e1 p\u0159\u00edstup. M\u016f\u017eete po\u017e\u00e1dat o opravu nebo v\u00fdmaz t\u011bchto \u00fadaj\u016f. M\u016f\u017eete po\u017e\u00e1dat o ukon\u010den\u00ed zas\u00edl\u00e1n\u00ed e-mailov\u00fdch zpr\u00e1v.<\/p><\/div>\n\t\t\t<\/div><div class=\"et_pb_module et_d4_element et_pb_text et_pb_text_6  et_pb_text_align_left et_pb_bg_layout_light\">\n\t\t\t\t\n\t\t\t\t\n\t\t\t\t\n\t\t\t\t\n\t\t\t\t<div class=\"et_pb_text_inner\"><h2><strong>Na koho se m\u016f\u017eete obr\u00e1tit?<\/strong><\/h2>\n<p><span>V p\u0159\u00edpad\u011b, \u017ee m\u00e1te dojem, \u017ee va\u0161e \u00fadaje zpracov\u00e1v\u00e1me v\u00a0rozporu s\u00a0p\u0159\u00edslu\u0161n\u00fdmi pr\u00e1vn\u00edmi p\u0159edpisy, obra\u0165te se pros\u00edm na\u00a0<\/span><a href=\"mailto:gdpr@ttc.cz\">gdpr@ttc.cz<\/a><span>. Pokud nebudete s\u00a0\u0159e\u0161en\u00edm va\u0161\u00ed st\u00ed\u017enosti spokojeni, m\u016f\u017eete podat st\u00ed\u017enost na \u00da\u0159ad pro ochranu osobn\u00edch \u00fadaj\u016f.<\/span><\/p><\/div>\n\t\t\t<\/div>\n\t\t\t<\/div>\n\t\t\t\t\n\t\t\t\t\n\t\t\t\t\n\t\t\t\t\n\t\t\t<\/div>\n\t\t\t\t\n\t\t\t\t\n\t\t\t<\/div>\n","protected":false},"excerpt":{"rendered":"","protected":false},"author":30,"featured_media":0,"parent":0,"menu_order":0,"comment_status":"closed","ping_status":"closed","template":"","meta":{"_acf_changed":false,"_monsterinsights_skip_tracking":false,"_et_pb_use_builder":"on","_et_pb_old_content":"","_et_gb_content_width":"","footnotes":""},"class_list":["post-250250","page","type-page","status-publish","hentry"],"acf":[],"_links":{"self":[{"href":"https:\/\/iot.ttc.cz\/cs\/wp-json\/wp\/v2\/pages\/250250","targetHints":{"allow":["GET"]}}],"collection":[{"href":"https:\/\/iot.ttc.cz\/cs\/wp-json\/wp\/v2\/pages"}],"about":[{"href":"https:\/\/iot.ttc.cz\/cs\/wp-json\/wp\/v2\/types\/page"}],"author":[{"embeddable":true,"href":"https:\/\/iot.ttc.cz\/cs\/wp-json\/wp\/v2\/users\/30"}],"replies":[{"embeddable":true,"href":"https:\/\/iot.ttc.cz\/cs\/wp-json\/wp\/v2\/comments?post=250250"}],"version-history":[{"count":3,"href":"https:\/\/iot.ttc.cz\/cs\/wp-json\/wp\/v2\/pages\/250250\/revisions"}],"predecessor-version":[{"id":250253,"href":"https:\/\/iot.ttc.cz\/cs\/wp-json\/wp\/v2\/pages\/250250\/revisions\/250253"}],"wp:attachment":[{"href":"https:\/\/iot.ttc.cz\/cs\/wp-json\/wp\/v2\/media?parent=250250"}],"curies":[{"name":"wp","href":"https:\/\/api.w.org\/{rel}","templated":true}]}}

Ochrana osobních údajů

<div class="et_d4_element et_pb_section et_pb_section_0  et_pb_css_mix_blend_mode et_section_regular et_block_section" >
				
				
				
				
				
				
				<div class="et_d4_element et_pb_row et_pb_row_0  et_pb_css_mix_blend_mode et_block_row">
				<div class="et_d4_element et_pb_column_4_4 et_pb_column et_pb_column_0  et_pb_css_mix_blend_mode et-last-child et_block_column">
				
				
				
				
				<div class="et_pb_module et_d4_element et_pb_text et_pb_text_0  et_pb_text_align_left et_pb_bg_layout_light">
				
				
				
				
				<div class="et_pb_text_inner"><h1 style="text-align: center">Ochrana osobních údajů</h1></div>
			</div><div class="et_pb_module et_d4_element et_pb_text et_pb_text_1  et_pb_text_align_left et_pb_bg_layout_light">
				
				
				
				
				<div class="et_pb_text_inner"><h2><strong>Kdo údaje sbírá?</strong></h2>
<p><span>TTC HOLDING, a.s., IČ 278 87 464, se sídlem Praha 10 – Strašnice, Třebohostická 987/5, PSČ 100 00, zapsaná v obchodním rejstříku vedeném u Městského soudu v Praze, oddíl B, vložka 11785 Kontaktní e-mail: </span><a href="mailto:gdpr@ttc.cz">gdpr@ttc.cz</a></p></div>
			</div><div class="et_pb_module et_d4_element et_pb_text et_pb_text_2  et_pb_text_align_left et_pb_bg_layout_light">
				
				
				
				
				<div class="et_pb_text_inner"><h2><strong>Jaké údaje sbíráme?</strong></h2>
<p><span>Sbíráme vaše jméno a příjmení a e-mailovou adresu. V případě uzavření smlouvy sbíráme dále název firmy, IČO, DIČ a fakturační adresu.</span></p></div>
			</div><div class="et_pb_module et_d4_element et_pb_text et_pb_text_3  et_pb_text_align_left et_pb_bg_layout_light">
				
				
				
				
				<div class="et_pb_text_inner"><h2><strong>Proč údaje sbíráme?</strong></h2>
<p><span>Údaje sbíráme, abychom mohli zodpovědět vaše dotazy. Je-li předmětem dotazu poptávka zboží či služeb, jsou údaje sbírány a uchovávány dále proto, abychom vám mohli zaslat vyžádanou nabídku a následně uzavřít a plnit smlouvu stejně jako zákonné povinnosti s tím související.</span></p></div>
			</div><div class="et_pb_module et_d4_element et_pb_text et_pb_text_4  et_pb_text_align_left et_pb_bg_layout_light">
				
				
				
				
				<div class="et_pb_text_inner"><h2><strong>Jak dlouho máme údaje uložené?</strong></h2>
<p><span>Po odeslání odpovědi na váš dotaz jsou údaje vymazány, není-li potřeba jejich uchování pro budoucí plnění smlouvy.</span></p></div>
			</div><div class="et_pb_module et_d4_element et_pb_text et_pb_text_5  et_pb_text_align_left et_pb_bg_layout_light">
				
				
				
				
				<div class="et_pb_text_inner"><h2><strong>Vaše práva?</strong></h2>
<p>Máte právo dotázat se, jaké údaje zpracováváme, za jakým účelem, v jakém rozsahu, jak dlouho a kdo k nim má přístup. Můžete požádat o opravu nebo výmaz těchto údajů. Můžete požádat o ukončení zasílání e-mailových zpráv.</p></div>
			</div><div class="et_pb_module et_d4_element et_pb_text et_pb_text_6  et_pb_text_align_left et_pb_bg_layout_light">
				
				
				
				
				<div class="et_pb_text_inner"><h2><strong>Na koho se můžete obrátit?</strong></h2>
<p><span>V případě, že máte dojem, že vaše údaje zpracováváme v rozporu s příslušnými právními předpisy, obraťte se prosím na </span><a href="mailto:gdpr@ttc.cz">gdpr@ttc.cz</a><span>. Pokud nebudete s řešením vaší stížnosti spokojeni, můžete podat stížnost na Úřad pro ochranu osobních údajů.</span></p></div>
			</div>
			</div>
				
				
				
				
			</div>
				
				
			</div>
